divided by 356?
343
Calculate the remainder when 1573 is divided by 314.
3
What is the remainder when 47 is divided by 14?
5
What is the remainder when 174 is divided by 52?
18
What is the remainder when 298 is divided by 121?
56
What is the remainder when 121 is divided by 118?
3
What is the remainder when 366 is divided by 61?
0
Calculate the remainder when 273 is divided by 31.
25
Calculate the remainder when 1109 is divided by 30.
29
Calculate the remainder when 1372 is divided by 72.
4
Calculate the remainder when 1572 is divided by 142.
10
What is the remainder when 2042 is divided by 23?
18
What is the remainder when 241 is divided by 12?
1
Calculate the remainder when 229 is divided by 111.
7
Calculate the remainder when 1583 is divided by 24.
23
What is the remainder when 2098 is divided by 5?
3
What is the remainder when 141 is divided by 31?
17
Calculate the remainder when 362 is divided by 50.
12
What is the remainder when 352 is divided by 159?
34
Calculate the remainder when 368 is divided by 37.
35
Calculate the remainder when 219 is divided by 129.
90
Calculate the remainder when 6215 is divided by 249.
239
What is the remainder when 587 is divided by 31?
29
What is the remainder when 168 is divided by 39?
12
Calculate the remainder when 1263 is divided by 417.
12
Calculate the remainder when 1162 is divided by 288.
10
What is the remainder when 559 is divided by 95?
84
What is the remainder when 1633 is divided by 117?
112
Calculate the remainder when 355 is divided by 113.
16
What is the remainder when 2666 is divided by 191?
183
Calculate the remainder when 1169 is divided by 17.
13
What is the remainder when 1074 is divided by 355?
9
Calculate the remainder when 584 is divided by 120.
104
Calculate the remainder when 45 is divided by 21.
3
Calculate the remainder when 183 is divided by 120.
63
Calculate the remainder when 296 is divided by 17.
7
What is the remainder when 160 is divided by 34?
24
Calculate the remainder when 427 is divided by 13.
11
Calculate the remainder when 165 is divided by 19.
13
What is the remainder when 1703 is divided by 19?
12
Calculate the remainder when 7291 is divided by 304.
299
What is the remainder when 6955 is divided by 15?
10
What is the remainder when 17340 is divided by 29?
27
What is the remainder when 130 is divided by 19?
16
Calculate the remainder when 181 is divided by 89.
3
What is the remainder when 65 is divided by 14?
9
What is the remainder when 168 is divided by 43?
39
What is the remainder when 114 is divided by 39?
36
Calculate the remainder when 273 is divided by 261.
12
What is the remainder when 25 is divided by 4?
1
What is the remainder when 444 is divided by 89?
88
What is the remainder when 1029 is divided by 86?
83
Calculate the remainder when 274 is divided by 35.
29
What is the remainder when 974 is divided by 331?
312
What is the remainder when 701 is divided by 32?
29
What is the remainder when 1079 is divided by 23?
21
What is the remainder when 432 is divided by 143?
3
What is the remainder when 2906 is divided by 93?
23
What is the remainder when 1617 is divided by 27?
24
Calculate the remainder when 494 is divided by 257.
237
What is the remainder when 959 is divided by 107?
103
Calculate the remainder when 1228 is divided by 15.
13
Calculate the remainder when 208 is divided by 30.
28
Calculate the remainder when 10448 is divided by 190.
188
Calculate the remainder when 1002 is divided by 197.
17
Calculate the remainder when 3586 is divided by 63.
58
What is the remainder when 584 is divided by 123?
92
Calculate the remainder when 208 is divided by 72.
64
What is the remainder when 20110 is divided by 13?
12
What is the remainder when 2028 is divided by 8?
4
What is the remainder when 265 is divided by 114?
37
Calculate the remainder when 15 is divided by 7.
1
Calculate the remainder when 1358 is divided by 85.
83
What is the remainder when 1881 is divided by 22?
11
Calculate the remainder when 11661 is divided by 27.
24
What is the remainder when 540 is divided by 470?
70
Calculate the remainder when 3837 is divided by 24.
21
What is the remainder when 365 is divided by 53?
47
Calculate the remainder when 116 is divided by 8.
4
What is the remainder when 187 is divided by 24?
19
What is the remainder when 11414 is divided by 11?
7
What is the remainder when 457 is divided by 115?
112
Calculate the remainder when 3078 is divided by 220.
218
Calculate the remainder when 42 is divided by 25.
17
Calculate the remainder when 9894 is divided by 220.
214
Calculate the remainder when 433 is divided by 23.
19
What is the remainder when 1438 is divided by 237?
16
What is the remainder when 6861 is divided by 2281?
18
What is the remainder when 339 is divided by 97?
48
Calculate the remainder when 2851 is divided by 942.
25
What is the remainder when 741 is divided by 124?
121
What is the remainder when 454 is divided by 13?
12
Calculate the remainder when 115 is divided by 29.
28
Calculate the remainder when 998 is divided by 11.
8
What is the remainder when 2706 is divided by 7?
4
What is the remainder when 86 is divided by 18?
14
Calculate the remainder when 459 is divided by 22.
19
Calculate the remainder when 172 is divided by 71.
30
Calculate the remainder when 457 is divided by 15.
7
What is the remainder when 1395 is divided by 208?
147
What is the remainder when 1772 is divided by 20?
12
Calculate the remainder when 337 is divided by 214.
123
What is the remainder when 778 is divided by 200?
178
Calculate the remainder when 258 is divided by 90.
78
Calculate the remainder when 932 is divided by 6.
2
What is the remainder when 498 is divided by 40?
18
What is the remainder when 1277 is divided by 32?
29
Calculate the remainder when 26922 is divided by 254.
252
What is the remainder when 227 is divided by 33?
29
Calculate the remainder when 58 is divided by 5.
3
What is the remainder when 27451 is divided by 37?
34
What is the remainder when 728 is divided by 15?
8
What is the remainder when 66 is divided by 22?
0
Calculate the remainder when 170 is divided by 33.
5
Calculate the remainder when 1106 is divided by 53.
46
Calculate the remainder when 497 is divided by 25.
22
Calculate the remainder when 380 is divided by 200.
180
Calculate the remainder when 5877 is divided by 10.
7
Calculate the remainder when 125 is divided by 9.
8
What is the remainder when 739 is divided by 184?
3
Calculate the remainder when 2406 is divided by 56.
54
What is the remainder when 479 is divided by 44?
39
Calculate the remainder when 730 is divided by 53.
41
What is the remainder when 1519 is divided by 53?
35
What is the remainder when 302 is divided by 8?
6
Calculate the remainder when 450 is divided by 148.
6
What is the remainder when 40 is divided by 15?
10
What is the remainder when 15 is divided by 6?
3
What is the remainder when 1250 is divided by 102?
26
Calculate the remainder when 371 is divided by 22.
19
What is the remainder when 40 is divided by 10?
0
Calculate the remainder when 7858 is divided by 18.
10
Calculate the remainder when 4819 is divided by 20.
19
Calculate the remainder when 4358 is divided by 59.
51
What is the remainder when 381 is divided by 32?
29
Calculate the remainder when 227 is divided by 23.
20
What is the remainder when 12635 is divided by 4?
3
What is the remainder when 96 is divided by 93?
3
Calculate the remainder when 139 is divided by 28.
27
What is the remainder when 4300 is divided by 1431?
7
Calculate the remainder when 4595 is divided by 209.
206
Calculate the remainder when 2000 is divided by 13.
11
What is the remainder when 105 is divided by 43?
19
What is the remainder when 5 is divided by 5?
0
What is the remainder when 734 is divided by 13?
6
Calculate the remainder when 297 is divided by 6.
3
What is the remainder when 132 is divided by 49?
34
Calculate the remainder when 475 is divided by 81.
70
What is the remainder when 84 is divided by 20?
4
What is the remainder when 153 is divided by 11?
10
Calculate the remainder when 1709 is divided by 35.
29
What is the remainder when 6950 is divided by 13?
8
What is the remainder when 30 is divided by 6?
0
What is the remainder when 22019 is divided by 182?
179
What is the re